by 25?
3
What is the remainder when 11402 is divided by 154?
6
What is the remainder when 28849 is divided by 43?
39
What is the remainder when 6244 is divided by 6131?
113
What is the remainder when 16847 is divided by 1229?
870
What is the remainder when 965 is divided by 50?
15
What is the remainder when 9840 is divided by 38?
36
What is the remainder when 2541 is divided by 674?
519
What is the remainder when 1261 is divided by 127?
118
Calculate the remainder when 366174 is divided by 122054.
12
What is the remainder when 138627 is divided by 11?
5
What is the remainder when 253527 is divided by 162?
159
Calculate the remainder when 147677 is divided by 36915.
17
What is the remainder when 141329 is divided by 14?
13
Calculate the remainder when 26663 is divided by 202.
201
Calculate the remainder when 4332 is divided by 34.
14
What is the remainder when 488483 is divided by 151?
149
Calculate the remainder when 24232 is divided by 60.
52
Calculate the remainder when 44773 is divided by 5.
3
Calculate the remainder when 177746 is divided by 522.
266
What is the remainder when 90143 is divided by 16?
15
What is the remainder when 55473 is divided by 349?
331
Calculate the remainder when 27722 is divided by 27459.
263
Calculate the remainder when 1229519 is divided by 30.
29
Calculate the remainder when 3731 is divided by 106.
21
Calculate the remainder when 44298 is divided by 2767.
26
Calculate the remainder when 1027756 is divided by 145.
141
Calculate the remainder when 8606 is divided by 573.
11
Calculate the remainder when 391445 is divided by 22.
21
Calculate the remainder when 6158 is divided by 170.
38
What is the remainder when 56706 is divided by 79?
63
What is the remainder when 3092083 is divided by 773020?
3
What is the remainder when 13724 is divided by 2744?
4
Calculate the remainder when 4237 is divided by 5.
2
Calculate the remainder when 134081 is divided by 502.
47
Calculate the remainder when 519 is divided by 35.
29
What is the remainder when 8177 is divided by 271?
47
Calculate the remainder when 151010 is divided by 37748.
18
What is the remainder when 1849 is divided by 915?
19
Calculate the remainder when 6851 is divided by 3142.
567
Calculate the remainder when 1446 is divided by 490.
466
Calculate the remainder when 174106 is divided by 58033.
7
Calculate the remainder when 253424 is divided by 4969.
5
Calculate the remainder when 16342 is divided by 31.
5
Calculate the remainder when 867 is divided by 138.
39
Calculate the remainder when 130679 is divided by 130658.
21
Calculate the remainder when 5119 is divided by 730.
9
What is the remainder when 7599 is divided by 690?
9
What is the remainder when 57291 is divided by 11458?
1
What is the remainder when 123690 is divided by 23?
19
Calculate the remainder when 20691 is divided by 6710.
561
Calculate the remainder when 15715 is divided by 30.
25
What is the remainder when 2845 is divided by 131?
94
What is the remainder when 6850 is divided by 46?
42
What is the remainder when 2830 is divided by 1676?
1154
Calculate the remainder when 2770 is divided by 211.
27
Calculate the remainder when 27816 is divided by 13.
9
What is the remainder when 234 is divided by 153?
81
What is the remainder when 6571 is divided by 2182?
25
Calculate the remainder when 18547 is divided by 8937.
673
What is the remainder when 12281 is divided by 21?
17
Calculate the remainder when 2959 is divided by 701.
155
Calculate the remainder when 381224 is divided by 174.
164
Calculate the remainder when 12818 is divided by 216.
74
Calculate the remainder when 208258 is divided by 20.
18
Calculate the remainder when 2479109 is divided by 1438.
1435
Calculate the remainder when 86995 is divided by 121.
117
Calculate the remainder when 6283 is divided by 1448.
491
What is the remainder when 2496 is divided by 125?
121
Calculate the remainder when 123150 is divided by 36.
30
What is the remainder when 9577 is divided by 202?
83
What is the remainder when 37433 is divided by 614?
593
Calculate the remainder when 21294 is divided by 15.
9
Calculate the remainder when 338252 is divided by 937.
932
Calculate the remainder when 5441 is divided by 683.
660
Calculate the remainder when 24723 is divided by 6.
3
Calculate the remainder when 35381 is divided by 2718.
47
Calculate the remainder when 415390 is divided by 423.
4
What is the remainder when 74816 is divided by 129?
125
Calculate the remainder when 477881 is divided by 34134.
5
What is the remainder when 1897 is divided by 146?
145
What is the remainder when 610 is divided by 606?
4
Calculate the remainder when 9093 is divided by 825.
18
Calculate the remainder when 21512 is divided by 7128.
128
Calculate the remainder when 43130 is divided by 268.
250
Calculate the remainder when 3390 is divided by 1125.
15
What is the remainder when 1505 is divided by 250?
5
Calculate the remainder when 488785 is divided by 39.
37
What is the remainder when 592475 is divided by 280?
275
What is the remainder when 2607473 is divided by 4?
1
What is the remainder when 4346 is divided by 2?
0
Calculate the remainder when 5210 is divided by 305.
25
Calculate the remainder when 7945 is divided by 159.
154
What is the remainder when 39029 is divided by 1027?
3
Calculate the remainder when 238568 is divided by 28.
8
What is the remainder when 748 is divided by 184?
12
Calculate the remainder when 1253 is divided by 1243.
10
Calculate the remainder when 55284 is divided by 614.
24
Calculate the remainder when 6857 is divided by 928.
361
What is the remainder when 46933 is divided by 11733?
1
What is the remainder when 347643 is divided by 29?
20
What is the remainder when 7434 is divided by 321?
51
What is the remainder when 2580 is divided by 1192?
196
What is the remainder when 10298 is divided by 1286?
10
What is the remainder when 67610 is divided by 735?
725
What is the remainder when 18764 is divided by 368?
364
Calculate the remainder when 4041 is divided by 668.
33
What is the remainder when 1979 is divided by 392?
19
What is the remainder when 21886 is divided by 57?
55
What is the remainder when 19027 is divided by 9063?
901
Calculate the remainder when 1591 is divided by 64.
55
What is the remainder when 28319 is divided by 833?
830
What is the remainder when 4959 is divided by 497?
486
Calculate the remainder when 8685 is divided by 181.
178
Calculate the remainder when 265263 is divided by 2479.
10
What is the remainder when 13806 is divided by 3?
0
Calculate the remainder when 4129 is divided by 687.
7
Calculate the remainder when 102216 is divided by 95.
91
What is the remainder when 14431 is divided by 2059?
18
What is the remainder when 41961 is divided by 184?
9
Calculate the remainder when 2628882 is divided by 26.
22
Calculate the remainder when 7214 is divided by 5.
4
Calculate the remainder when 19955 is divided by 1429.
1378
Calculate the remainder when 30533 is divided by 27.
23
What is the remainder when 24489 is divided by 13?
10
What is the remainder when 25635 is divided by 26?
25
What is the remainder when 5860 is divided by 345?
340
Calculate the remainder when 11958 is divided by 824.
422
What is the remainder when 1142 is divided by 92?
38
What is the remainder when 5630073 is divided by 172?
169
Calculate the remainder when 1020 is divided by 102.
0
Calculate the remainder when 45729 is divided by 13.
8
What is the remainder when 47785 is divided by 27?
22
Calculate the remainder when 323 is divided by 50.
23
What is the remainder when 8921 is divided by 1724?
301
Calculate the remainder when 500177 is divided by 7.
6
Calculate the remainder when 607720 is divided by 6397.
5
What is the remainder when 1750 is divided by 489?
283
What is the remainder when 2355 is divided by 85?
60
Calculate the remainder when 194767 is divided by 62.
25
What is the remainder when 994067 is divided by 36?
35
What is the remainder when 6325 is divided by 349?
43
What is the remainder when 304131 is divided by 704?
3
What is the remainder when 135287 is divided by 13?
9
What is the remainder when 89402 is divided by 44684?
34
Calculate the remainder when 2878 is divided by 1060.
758
What is the remainder when 23090 is divided by 78?
2
Calculate the